Is 17986806 even?
True
Is 28256771 a multiple of 1745?
False
Is 164291400 a multiple of 2655?
True
Is 20 a factor of 377691909?
False
Is 268743200 a multiple of 175?
False
Is 119 a factor of 752559694?
False
Does 102 divide 1529026614?
True
Does 989 divide 31914636?
False
Is 801 a factor of 1226822934?
False
Does 62 divide 20409484?
False
Is 1127755120 a multiple of 3599?
False
Is 165432849 a multiple of 8149?
True
Does 798 divide 948438162?
True
Does 608 divide 7666749?
False
Is 8862237 a multiple of 2571?
True
Is 1881 a factor of 139832311?
False
Does 115 divide 66528075?
True
Does 2047 divide 637781743?
True
Is 12 a factor of 763819236?
True
Is 604 a factor of 12286689?
False
Does 189 divide 65507400?
True
Is 1547970115 a multiple of 16?
False
Does 866 divide 13653356?
True
Does 31 divide 55328273?
True
Does 43 divide 66013815?
True
Does 21 divide 99475824?
True
Is 133 a factor of 10950023?
True
Is 857 a factor of 379287632?
True
Does 29 divide 17099125?
True
Is 9360046 a multiple of 38?
True
Does 11 divide 311431100?
False
Does 557 divide 4825848?
True
Is 956 a factor of 1227666520?
True
Does 33 divide 443520?
True
Is 146269944 a multiple of 2097?
True
Is 1549 a factor of 297195787?
True
Does 2085 divide 9632700?
True
Does 65 divide 21688810?
True
Is 2092166194 a multiple of 21?
False
Is 100184467 a multiple of 13?
False
Is 1498555692 a multiple of 47?
False
Is 418 a factor of 161951913?
False
Does 13 divide 104244101?
True
Is 11 a factor of 23707881?
False
Is 552 a factor of 674229406?
False
Does 4734 divide 1656786384?
True
Is 40495237 a multiple of 89?
False
Does 298 divide 2222458372?
True
Is 6789698 a multiple of 15?
False
Does 27 divide 49481442?
True
Is 26 a factor of 25111138?
True
Is 426839310 a multiple of 279?
True
Is 285 a factor of 42749715?
True
Does 180 divide 61455960?
True
Is 104314596 a multiple of 753?
True
Is 162147219 a multiple of 4379?
False
Is 19 a factor of 878821719?
False
Does 9 divide 16410024?
True
Is 6 a factor of 3126071533?
False
Is 566 a factor of 16511918?
True
Is 7 a factor of 210039767?
True
Is 278 a factor of 455316033?
False
Is 15 a factor of 8941822?
False
Is 327660575 a multiple of 265?
True
Is 4 a factor of 6250859?
False
Does 5 divide 235588745?
True
Is 571 a factor of 15800712?
True
Does 14 divide 1039480492?
False
Is 1205284065 a multiple of 688?
False
Is 2 a factor of 159212071?
False
Does 36 divide 31453668?
True
Does 378 divide 390748806?
True
Is 495 a factor of 53368425?
True
Is 224553080 a multiple of 2180?
True
Is 579594375 a multiple of 225?
True
Is 40348475 a multiple of 18?
False
Is 5 a factor of 42715538?
False
Is 42829110 a multiple of 1303?
False
Does 220 divide 342147798?
False
Is 24646908 a multiple of 106?
True
Is 4359 a factor of 377153040?
False
Is 133199605 a multiple of 15?
False
Is 1786190 a multiple of 5?
True
Does 251 divide 371432104?
False
Does 16 divide 654749120?
True
Does 13 divide 196779691?
False
Does 76 divide 2034531096?
True
Is 719780769 a multiple of 128?
False
Is 1409063651 a multiple of 4?
False
Is 9 a factor of 3040191?
True
Does 36 divide 51666192?
True
Is 69485724 a multiple of 539?
True
Is 65325568 a multiple of 79?
False
Does 14 divide 92014839?
False
Is 30 a factor of 1230329145?
False
Does 103 divide 41437325?
False
Is 1748787878 a multiple of 2611?
False
Is 35960239 a multiple of 7?
True
Is 2126792937 a multiple of 13099?
True
Does 53 divide 99047532?
False
Does 3127 divide 98988312?
True
Is 27404036 a multiple of 11?
True
Does 343 divide 23503389?
True
Does 428 divide 30418638?
False
Does 15 divide 451164079?
False
Does 21 divide 552504353?
False
Is 12 a factor of 252131975?
False
Is 15 a factor of 905820?
True
Does 1284 divide 46996968?
True
Is 142447992 a multiple of 6?
True
Is 87 a factor of 41529363?
True
Is 114 a factor of 3881524?
False
Is 19 a factor of 37773267?
False
Does 10 divide 2000666700?
True
Does 253 divide 12245279?
False
Does 136 divide 1536260?
False
Is 1210 a factor of 67854747?
False
Does 295 divide 51695800?
True
Is 2117505390 a multiple of 3745?
True
Does 12 divide 600200656?
False
Does 455 divide 419267030?
True
Is 1274 a factor of 1550516411?
False
Is 247 a factor of 7366075?
False
Does 30 divide 425067450?
True
Is 1518721 a multiple of 31?
True
Is 5893465 a multiple of 1985?
True
Does 50 divide 64887900?
True
Does 123 divide 1831156414?
False
Is 141 a factor of 3899919?
True
Is 3 a factor of 12509310?
True
Does 249 divide 248881476?
True
Is 22 a factor of 81605491?
False
Is 389829996 a multiple of 20?
False
Is 6 a factor of 35086047?
False
Is 1580801049 a multiple of 493?
True
Is 311722056 a multiple of 1368?
True
Is 52983552 a multiple of 2432?
True
Is 11 a factor of 69102667?
False
Does 635 divide 355497995?
False
Is 26617393 a multiple of 1822?
False
Does 2 divide 4339853?
False
Is 13 a factor of 5298229222?
True
Does 58 divide 456286?
True
Is 6 a factor of 1018199638?
False
Does 10 divide 504775186?
False
Is 11396960 a multiple of 76?
True
Is 10 a factor of 161210010?
True
Is 204156979 a multiple of 12?
False
Is 27 a factor of 1802223?
True
Is 68907133 a multiple of 153?
False
Does 3 divide 68444?
False
Is 333125050 a multiple of 859?
False
Is 5 a factor of 77755172?
False
Does 277 divide 80670710?
True
Is 380492940 a multiple of 60?
True
Is 51794640 a multiple of 405?
True
Is 15 a factor of 62822232?
False
Does 7 divide 484124606?
True
Is 27507961 a multiple of 139?
True
Is 344513169 a multiple of 77?
True
Is 22 a factor of 54892090?
True
Is 1560902889 a multiple of 10829?
True
Is 147 a factor of 811989915?
False
Does 289 divide 857928579?
True
Does 528 divide 260340253?
False
Is 3966388811 a multiple of 737?
True
Is 13 a factor of 55749096?
True
Is 148 a factor of 116181332?
True
Does 371 divide 8548211?
True
Does 19 divide 28592454?
True
Is 32993068 a multiple of 7?
False
Is 1736 a factor of 75134080?
True
Is 12 a factor of 369573336?
True
Is 299 a factor of 45245876?
True
Is 6034797300 a multiple of 4130?
True
Does 6 divide 46367086?
False
Is 5 a factor of 107092810?
True
Is 2550077426 a multiple of 2522?
True
Is 207675118 a multiple of 14?
True
Does 255 divide 2371181250?
True
Is 357 a factor of 26718130?
False
Is 45 a factor of 73932030?
True
Does 99 divide 638351109?
True
Is 9550256 a multiple of 3?
False
Is 1283113356 a multiple of 826?
True
Is 274762058 a multiple of 1160?
False
Is 216421956 a multiple of 108?
True
Is 20 a factor of 1159086243?
False
Does 1690 divide 23284820?
True
Does 93 divide 2945682?
True
Does 34 divide 31890266?
True
Is 162635868 a multiple of 11?
False
Is 1687987 a multiple of 7?
True
Is 3251588954 a multiple of 775?
False
Does 537 divide 492232458?
True
Is 416 a factor of 63011520?
True
Is 12 a factor of 48296088?
True
Is 75 a factor of 4950150?
True
Is 26980947 a multiple of 7?
True
Is 11936144 a multiple of 4?
True
Is 89302553 a multiple of 11?
False
Does 3851 divide 105698397?
True
Is 176947972 a multiple of 260?
False
Does 44 divide 6546926397?
False
Is 376 a factor of 663770527?
False
Does 41 divide 9112784?
False
Does 53 divide 178728614?
True
Does 10 divide 622544040?
True
Does 74 divide 10159312?
True
Does 13 divide 121380038?
True
Does 88 divide 18133220?
False
Does 10 divide 97050980?
True
Does 25 divide 12807025?
True
Is 48557064 a multiple of 38?
False
Is 229 a factor of 11059768?
False
Does 37 divide 1562695?
True
Is 25932309 a multiple of 874?
False
Is 959758 a multiple of 1175?
False
Is 89124411 a multiple of 3066?
False
Is 64 a factor of 530676800?
True
Is 2691359 a multiple of 11?
True
Does 45 divide 2905198956?
False
Is 97 a factor of 510197098?
False
Does 7 divide 1034555909?
False
Is 32293430 a multiple of 73?
False
Does 1117 divide 552012427?
False
Is 514 a factor of 7845656286?
False
Is 80622022 a multiple of 13?
True
Is 398 a factor of 9241958?
True
Does 67 divide 6403927?
True
Is 952 a factor of 117378933?
False
Is 163161180 a multiple of 468?
True
Is 90909432 a multiple of 631?
True
Is 275594619 a multiple of 2883?
True
Does 274 divide 65978926?
True
Does 12341 divide 2935414981?
False
Does 66 divide 183108024?
True
Is 2554944 a multiple of 19?
False
Does 31 divide 12777483?
False
Does 1051 divide 617456246?
False
Is 1558422563 a multiple of 1302?
False
Does 39